 factor of 2666?
True
Is 4862 a multiple of 17?
True
Is 25 a factor of 11975?
True
Does 35 divide 9415?
True
Is 55 a factor of 935?
True
Is 92 a factor of 368?
True
Does 40 divide 280?
True
Is 29 a factor of 348?
True
Is 45 a factor of 972?
False
Is 7560 a multiple of 21?
True
Is 14099 a multiple of 23?
True
Is 54 a factor of 2719?
False
Is 2 a factor of 3662?
True
Does 162 divide 81071?
False
Does 12 divide 204?
True
Is 484 a multiple of 21?
False
Is 4220 a multiple of 7?
False
Is 50 a factor of 4914?
False
Is 258 a factor of 77400?
True
Is 97 a factor of 23251?
False
Does 35 divide 646?
False
Does 4 divide 312?
True
Is 184260 a multiple of 12?
True
Is 1088 a multiple of 8?
True
Does 139 divide 11120?
True
Does 3 divide 110?
False
Is 128 a factor of 24064?
True
Is 720 a multiple of 3?
True
Is 10 a factor of 161?
False
Does 3 divide 122?
False
Is 5200 a multiple of 13?
True
Is 16 a factor of 160?
True
Does 3 divide 465?
True
Is 80 a factor of 1644?
False
Is 13 a factor of 1788?
False
Is 5 a factor of 116?
False
Is 41735 a multiple of 71?
False
Does 15 divide 103?
False
Is 29 a factor of 5046?
True
Is 6963 a multiple of 28?
False
Does 133 divide 14763?
True
Does 26 divide 12064?
True
Is 4 a factor of 325?
False
Is 7649 even?
False
Is 7 a factor of 77?
True
Is 23200 a multiple of 290?
True
Does 6 divide 966?
True
Is 423 a multiple of 8?
False
Is 220 a multiple of 15?
False
Is 72 a factor of 2232?
True
Is 1025 a multiple of 25?
True
Is 9 a factor of 540?
True
Is 20 a factor of 2271?
False
Does 27 divide 270?
True
Is 7 a factor of 5732?
False
Is 23759 a multiple of 44?
False
Does 9 divide 33398?
False
Is 42 a factor of 180?
False
Is 92 a factor of 31458?
False
Is 787 a multiple of 11?
False
Is 52 a factor of 930?
False
Does 100 divide 2977?
False
Does 17 divide 7757?
False
Is 38 a factor of 1330?
True
Does 27 divide 2683?
False
Is 20 a factor of 5840?
True
Is 8 a factor of 354?
False
Is 2 a factor of 274?
True
Is 456 a multiple of 38?
True
Is 9 a factor of 8676?
True
Is 7 a factor of 1607?
False
Is 292 a multiple of 36?
False
Does 32 divide 28832?
True
Does 14 divide 20887?
False
Does 31 divide 15252?
True
Is 10 a factor of 700?
True
Is 13 a multiple of 13?
True
Does 21 divide 45150?
True
Does 6 divide 714?
True
Is 33 a factor of 99?
True
Is 18550 a multiple of 17?
False
Does 180 divide 15120?
True
Is 324 a multiple of 23?
False
Is 22 a factor of 2376?
True
Is 79 a factor of 7258?
False
Is 1385 a multiple of 8?
False
Is 4 a factor of 216?
True
Is 44 a factor of 6239?
False
Does 52 divide 832?
True
Does 8 divide 642?
False
Does 8 divide 3496?
True
Is 9 a factor of 21772?
False
Is 23 a factor of 1357?
True
Is 26 a factor of 338?
True
Is 115 a factor of 14482?
False
Is 509 a multiple of 6?
False
Is 270 even?
True
Is 40 a factor of 12280?
True
Is 41 a factor of 36757?
False
Is 840 a multiple of 38?
False
Is 4317 a multiple of 3?
True
Is 813 a multiple of 8?
False
Does 10 divide 1230?
True
Is 7 a factor of 3987?
False
Does 12 divide 5940?
True
Is 391 a multiple of 75?
False
Is 63 a factor of 4638?
False
Is 440 a multiple of 5?
True
Is 8 a factor of 533?
False
Is 1693 a multiple of 7?
False
Does 4 divide 125?
False
Does 16 divide 192?
True
Does 4 divide 11?
False
Is 4300 a multiple of 50?
True
Is 72 a factor of 32112?
True
Is 58 a factor of 3132?
True
Is 26 a factor of 416?
True
Is 31385 even?
False
Is 2057 a multiple of 17?
True
Does 93 divide 45756?
True
Is 17 a factor of 8925?
True
Does 21 divide 1016?
False
Does 18 divide 450?
True
Is 5 a factor of 1025?
True
Is 2633 a multiple of 13?
False
Is 34 a factor of 238?
True
Is 54 a factor of 11882?
False
Is 4350 a multiple of 75?
True
Is 28270 a multiple of 10?
True
Does 53 divide 90?
False
Does 37 divide 734?
False
Is 51 a factor of 954?
False
Is 210 a multiple of 4?
False
Is 11 a factor of 121916?
False
Is 62712 a multiple of 13?
True
Is 3 a factor of 130?
False
Is 57918 a multiple of 294?
True
Is 1935 a multiple of 167?
False
Does 3 divide 7235?
False
Does 4 divide 2892?
True
Is 50 a factor of 287?
False
Is 13 a factor of 325?
True
Is 249 a multiple of 5?
False
Does 16 divide 480?
True
Is 142 a multiple of 20?
False
Is 55 a factor of 28790?
False
Does 36 divide 2160?
True
Is 35 a factor of 5845?
True
Is 2690 a multiple of 5?
True
Does 141 divide 2032?
False
Is 76 a factor of 4408?
True
Is 45 a factor of 1997?
False
Does 4 divide 70?
False
Is 34 a multiple of 3?
False
Is 15985 a multiple of 23?
True
Is 48 a multiple of 16?
True
Is 48 a factor of 1065?
False
Does 15 divide 2505?
True
Does 17 divide 3893?
True
Does 51 divide 102?
True
Does 4 divide 53?
False
Is 1836 a multiple of 17?
True
Is 2562 a multiple of 33?
False
Does 33 divide 3366?
True
Does 4 divide 1980?
True
Is 24 a factor of 1327?
False
Is 4914 a multiple of 26?
True
Is 63 a factor of 3843?
True
Is 104 a factor of 858?
False
Is 420 a multiple of 30?
True
Is 41 a factor of 72242?
True
Does 13 divide 2054?
True
Does 28 divide 588?
True
Is 38106 a multiple of 187?
False
Is 17 a factor of 726?
False
Is 3 a factor of 3434?
False
Does 35 divide 122696?
False
Is 983 a multiple of 14?
False
Is 22 a factor of 286?
True
Is 7648 a multiple of 16?
True
Is 9826 a multiple of 17?
True
Does 40 divide 120?
True
Is 806 a multiple of 7?
False
Is 53 a factor of 7517?
False
Is 144 a factor of 27320?
False
Is 15908 a multiple of 23?
False
Does 3 divide 69?
True
Is 4829 a multiple of 31?
False
Does 9 divide 4509?
True
Is 32 a factor of 2397?
False
Is 6 a factor of 4593?
False
Does 22 divide 10200?
False
Is 17572 a multiple of 12?
False
Does 6 divide 19806?
True
Is 1290 a multiple of 15?
True
Does 46 divide 15594?
True
Is 1892 a multiple of 43?
True
Is 9 a factor of 137?
False
Does 125 divide 9658?
False
Is 45 a factor of 1035?
True
Is 7 a factor of 602?
True
Is 33 a factor of 957?
True
Is 28 a multiple of 7?
True
Does 75 divide 1275?
True
Is 668 a multiple of 17?
False
Does 56 divide 1904?
True
Is 19 a factor of 323?
True
Is 686 a multiple of 5?
False
Does 3 divide 855?
True
Is 15 a factor of 2655?
True
Does 2 divide 573?
False
Is 27 a factor of 2957?
False
Is 2700 a multiple of 60?
True
Is 24480 a multiple of 102?
True
Is 43 a factor of 21301?
False
Is 23076 a multiple of 163?
False
Is 9 a factor of 90?
True
Is 49 a multiple of 4?
False
Is 3696 a multiple of 132?
True
Is 3 a factor of 3545?
False
Is 66 a factor of 3111?
False
Does 10 divide 329?
False
Does 4 divide 2104?
True
Does 12 divide 7200?
True
Does 14 divide 5329?
False
Does 2 divide 647?
False
Does 2 divide 1468?
True
Does 41 divide 5330?
True
Does 117 divide 585?
True
Does 158 divide 57196?
True
Is 4 a factor of 18?
False
Is 73 a factor of 31840?
False
Does 18 divide 3897?
False
Is 65233 a multiple of 9?
False
Is 775 a multiple of 25?
True
Does 197 divide 19336?
False
Does 153 divide 8830?
False
Does 3 divide 29?
False
Is 36 a factor of 25144?
False
Is 15 a factor of 34335?
True
Is 20 a factor of 45420?
True
Is 8481 a multiple of 66?
False
Does 31 divide 2387?
True
Is 14322 a multiple of 33?
True
Is 31 a factor of 2232?
True
Does 108 divide 20520?
True
Is 42048 a multiple of 219?
True
Is 734 a multiple of 13?
False
Is 15 a factor of 284?
False
Is 11459 even?
False
Does 5 divide 143?
False
Is 39 a factor of 2376?
False
Does 118 divide 14156?
False
Is 179 a factor of 1737?
False
Is 1370 a multiple of 41?
False
Is 11 a factor of 24585?
True
Is 23 a factor of 134?
False
Is 3596 a multiple of 31?
True
Does 4 divide 5725?
False
Does 14 divide 37072?
True
Does 13 divide 478?
False
Is 244 a factor of 17324?
True
Is 112 a multiple of 16?
True
Is 144 a multiple of 36?
True
Does 68 divide 340?
True
Does 26 divide 104?
True
Does 22 divide 2016?
False
Is 24 a factor of 7392?
True
Is 3 a factor of 156?
True
Does 21 divide 6195?
True
Is 33422 a multiple of 24?
False
Is 1240 a multiple of 38?
False
Is 198 a multiple of 9?
True
Is 14 a factor of 2026?
False
Is 3 a factor of 183?
True
Does 12 divide 2592?
True
Does 51 divide 11149?
False
Is 22 a factor of 697?
False
Does 15 divide 1470?
True
Does 39 divide 123090?
False
Is 21 a factor of 1533?
True
Is 127 a factor of 3048?
True
Is 4799 a multiple of 2?
False
Is 599 a multiple of 6?
False
Is 20 a factor of 902?
False
Does 36 divide 468?
True
Is 90 a multiple of 15?
T